100110111 + -1?
1001110101111010100100110110
In base 11, what is -4 - -15193632?
15193629
In base 3, what is 1 - 10202022020212?
-10202022020211
In base 13, what is 85c54a - 50?
85c4ca
In base 14, what is 8c0c0 + -4?
8c0ba
In base 13, what is -13 - 6153589?
-615359c
In base 8, what is 16456325 + -3?
16456322
In base 9, what is 37 - -2154176?
2154224
In base 11, what is -2083488 + 5?
-2083483
In base 12, what is 4 + -5b2b420a?
-5b2b4206
In base 4, what is 3001 + 112333333?
113003000
In base 3, what is -1012011 - 212200?
-2001211
In base 11, what is -8 + 2569608?
2569600
In base 9, what is 3 - 157864827?
-157864824
In base 16, what is ac71 - 9f8?
a279
In base 9, what is -187 - 602882?
-603180
In base 10, what is -10617072 + 2?
-10617070
In base 3, what is -2120001 - -100002122122?
100000002121
In base 6, what is -25041 - 124415?
-153500
In base 12, what is -4a597 - -1a4?
-4a3b3
In base 13, what is -7b1 + -582?
-1063
In base 4, what is -333 - 130020020?
-130021013
In base 16, what is 99d55b - -21?
99d57c
In base 13, what is 3 + -15c25a3?
-15c25a0
In base 8, what is 2043 + -677663?
-675620
In base 4, what is 23 - 32030120?
-32030031
In base 4, what is 1 + -233003122222?
-233003122221
In base 14, what is -1bcd - 725?
-2514
In base 6, what is -3014 - -1353404?
1350350
In base 8, what is 45467571 + -1?
45467570
In base 4, what is -1201330101013 + 0?
-1201330101013
In base 9, what is 32 - -130043?
130075
In base 4, what is 2131213200021 + -1?
2131213200020
In base 4, what is -200313023 - -1333231?
-132313132
In base 16, what is -4 + -7c9715?
-7c9719
In base 3, what is 211212202000 + 101010?
211220010010
In base 10, what is 1494824 + 25?
1494849
In base 8, what is 2174406 + 655?
2175263
In base 14, what is 11 - b3574?
-b3563
In base 13, what is 1aa3 - 75a0?
-57ca
In base 10, what is 14 - 94659?
-94645
In base 7, what is -1545632 + 5?
-1545624
In base 13, what is -117 + -21736?
-21850
In base 6, what is 43342312 + 33?
43342345
In base 4, what is 3 - -2210311223?
2210311232
In base 14, what is -23a58 + 906?
-23152
In base 3, what is -2022 - -21211020120?
21211011021
In base 15, what is a82ce - 8?
a82c6
In base 4, what is 11 + 221003022200?
221003022211
In base 2, what is 10000101000110111 - 10001000001111?
1110100000101000
In base 16, what is -9 - -806c2?
806b9
In base 6, what is -2 - -242055031?
242055025
In base 6, what is 3511102 - 20?
3511042
In base 7, what is -1055660162 + -3?
-1055660165
In base 10, what is 142795908 - 3?
142795905
In base 2, what is 1000101000111011101111 - -10110?
1000101000111100000101
In base 8, what is 3635 + 264337?
270174
In base 14, what is 10cb3 - -617?
114ca
In base 4, what is 11 - 212112231132?
-212112231121
In base 5, what is 2122332131 + -321?
2122331310
In base 14, what is 11a618 + 36?
11a650
In base 10, what is -1033 - -12214?
11181
In base 12, what is 36b7329 + 1?
36b732a
In base 12, what is 1b97ab4 + 1?
1b97ab5
In base 5, what is -2000331 - 423?
-2001304
In base 13, what is 127 - -a5a5?
a6cc
In base 11, what is 4 - 25046393?
-2504638a
In base 14, what is -2a28 + 79?
-298d
In base 9, what is -23276 + -1141?
-24427
In base 10, what is -38 + -1831110?
-1831148
In base 14, what is 7aa3 + -288a?
5217
In base 7, what is -4264 + 3350?
-614
In base 6, what is 3 - 23122243422?
-23122243415
In base 14, what is -4 - 10b03a70?
-10b03a74
In base 9, what is 7325 - -140723?
148148
In base 13, what is 265a98 + 22?
265aba
In base 12, what is -1527 + -21502?
-22a29
In base 13, what is -1005b3 - 7?
-1005ba
In base 6, what is -3025035 + -120?
-3025155
In base 3, what is -2110001112 + 11120?
-2102212222
In base 11, what is -179a6 + 97?
-1790a
In base 7, what is -100 + -1160663?
-1161063
In base 12, what is 3192879 - 10?
3192869
In base 9, what is 0 + 57363827?
57363827
In base 7, what is 2 + 3430044410?
3430044412
In base 6, what is -1034434541 + -22?
-1034435003
In base 3, what is -10002201022 - 201?
-10002202000
In base 9, what is -27720 + 5252?
-22457
In base 7, what is -63 + 5623310?
5623214
In base 12, what is 2 - 17149968?
-17149966
In base 9, what is -10101172 - 33?
-10101215
In base 4, what is 231122 + 32102?
323230
In base 9, what is 524 - -10452?
11076
In base 16, what is 2372404 + -2?
2372402
In base 3, what is -11 + 21010000110212022?
21010000110212011
In base 16, what is 142e26 + a?
142e30
In base 2, what is -1010 + -1101101100001001100?
-1101101100001010110
In base 6, what is -330123434 - 51?
-330123525
In base 11, what is -2 - 944a31?
-944a33
In base 2, what is 11011111 - -1000100001100?
1000111101011
In base 13, what is 64cbb - -a?
64cc8
In base 3, what is -201201002020 - -101201?
-201200200112
In base 3, what is 112112 - 100001110021?
-100000220202
In base 5, what is -401133401 - 122?
-401134023
In base 15, what is e3dcd - -852?
e4730
In base 9, what is -173747435 - -1?
-173747434
In base 10, what is -1997391 + 4?
-1997387
In base 5, what is -11304421 + 1241?
-11303130
In base 10, what is 483 - 32133?
-31650
In base 7, what is 1511006 + 10314?
1521323
In base 14, what is 94 + -1375c?
-136a8
In base 16, what is -20 - 4f80?
-4fa0
In base 2, what is -11100000 - 111010110111111?
-111011010011111
In base 16, what is 44 - e8abde?
-e8ab9a
In base 6, what is 13501424453 - 4?
13501424445
In base 9, what is 5 - -6878370?
6878375
In base 15, what is 3e - 8bc95?
-8bc56
In base 13, what is -202 - 3a880?
-3aa82
In base 16, what is -4efa1c7 - -3?
-4efa1c4
In base 5, what is 341444044 - 14?
341444030
In base 11, what is 595a43 - 7?
595a37
In base 14, what is 4023d744 - 4?
4023d740
In base 8, what is -14611023 + 101?
-14610722
In base 15, what is -3 - -a16adc2?
a16adbe
In base 5, what is -240313130 + -304?
-240313434
In base 2, what is -10000 + 1110101101110100110?
1110101101110010110
In base 12, what is a14 - 346?
68a
In base 10, what is -2532 - -345989?
343457
In base 10, what is -5066 + -90?
-5156
In base 4, what is -130311311 + -22301?
-131000212
In base 15, what is -14139 + -17?
-14151
In base 10, what is 26876868 + 1?
26876869
In base 8, what is 300401 - -1026?
301427
In base 10, what is 165870 - 452?
165418
In base 6, what is -45345 + -13522?
-103311
In base 2, what is -101 - 11110000111100010100011?
-11110000111100010101000
In base 13, what is 3c6375 + 23a?
3c65b2
In base 4, what is 11000233022200 + -3?
11000233022131
In base 9, what is 112574 - -355?
113040
In base 16, what is 87376 - -4?
8737a
In base 2, what is -10011010001 + -1101100000001100?
-1101110011011101
In base 2, what is 100000100001011010 - -1101010101?
100000101110101111
In base 16, what is 207 - -176d2c?
176f33
In base 14, what is -3 + 21857cad?
21857caa
In base 10, what is -42 + -15446456?
-15446498
In base 8, what is 322057 - 2?
322055
In base 4, what is 12 + 3010331203?
3010331221
In base 5, what is 3142022344 + -1?
3142022343
In base 7, what is -23461 - 11332?
-35123
In base 8, what is -1473637377 + 3?
-1473637374
In base 10, what is 31521 - 938?
30583
In base 6, what is 24253 - 402425?
-334132
In base 2, what is -11011 - -1111001000001100111111?
1111001000001100100100
In base 12, what is 1679a - 514?
16286
In base 11, what is 6 - -4269050?
4269056
In base 12, what is 15 - 47b419a?
-47b4185
In base 15, what is 2a4a2 - 19e?
2a303
In base 13, what is 15a - -10c3?
1250
In base 5, what is 3 - 10220013300?
-10220013242
In base 4, what is 122 - -10211200030?
10211200212
In base 10, what is 116058 + 526?
116584
In base 3, what is -22110 - -1002100121221?
1002100022111
In base 3, what is -22000122110000 + 1?
-22000122102222
In base 2, what is 10010010001111001 - -11010?
10010010010010011
In base 2, what is -10010011001111010000001 + -1?
-10010011001111010000010
In base 5, what is -3 + -10004342023?
-10004342031
In base 4, what is 3323 + -1122323332?
-1122320003
In base 9, what is -66 - 755360?
-755436
In base 4, what is 1031 + 1300030333?
1300032030
In base 15, what is -1ac7 + 1a0d7?
18510
In base 8, what is -21460231 + 1?
-21460230
In base 8, what is 47671273 - 7?
47671264
In base 10, what is -4276 + -5117?
-9393
In base 8, what is 277 + -2672?
-2373
In base 11, what is 547 + 6095?
6631
In base 9, what is -4 + -24478770?
-24478774
In base 8, what is -37 + 31177531?
31177472
In base 3, what is 1210110 + 201020011021?
201021221201
In base 11, what is 1 - -17749